
-8
Suppose -59*o + 24*o + 665 = 0. Let l(m) = m**2 - 20*m - 9. What is l(o)?
-28
Let v(d) = -d**3 - 10*d**2 - 3*d + 58. Let c be v(-9). Suppose t + 1 = 2*t, 0 = c*j + 4*t - 32. Let k(f) = -2*f + 9. Determine k(j).
-5
Let d be 64 - (5 - 125)/(-10). Let x = -41 + d. Let y(z) be the third derivative of z**5/60 - 11*z**4/24 + z**3/3 - z**2. Give y(x).
2
Let c(r) = -r**3 + 2. Let t(p) = -p**3 + 7*p**2 + 3*p + 5. Let j be t(7). Let d = -30 + j. Let o be 1/(0 + d/8). Give c(o).
10
Let g(z) = z**3 + 3*z**2 + 2*z - 1. Let m(v) = -4*v - 5*v + 8*v - 4*v - 3*v**2 - 1. Let q be (-3)/6*2*2. Let s be m(q). Calculate g(s).
-7
Let v(t) = 3*t**3 + t**3 - 2*t**2 + 2 + 3*t**3 - 9*t**3. Let a(x) = -2*x**2 + 107*x - 55. Let g be a(53). Determine v(g).
10
Let x(s) be the second derivative of 77*s + 0 + 2*s**2 - 1/3*s**3 - 1/6*s**4. Calculate x(-4).
-20
Let d(i) be the second derivative of i - 1/6*i**3 + 0 + 5*i**2. Suppose -3*l + 778*c - 783*c + 60 = 0, -4*c + 11 = -5*l. Calculate d(l).
5
Suppose -362*j - 5342 = 4453 - 3279. Let s(u) = u**3 + 18*u**2 + 3*u + 49. Determine s(j).
-5
Suppose 38*j - 251*j = -426. Let o(l) be the first derivative of -1/4*l**4 - 3/2*l**2 - j*l - 2*l**3 + 8. What is o(-6)?
16
Let b(x) = 4*x + 38. Suppose -18 - 19 - 5 = 6*i. Calculate b(i).
10
Let q(c) = 2*c**2 - 9*c. Let w = -372 - -373. Suppose 4*l + w = 5*y, 2*l - 5 = -4*y + 27. Give q(l).
18
Let h(m) = -5466*m + 10 + 5470*m + 7. Determine h(-6).
-7
Let d = -81 + 87. Let y(x) = x - 2 - d + 4 + 0. Calculate y(4).
0
Let o(z) be the first derivative of -2*z**3/3 + 41*z**2/2 + 19*z + 1693. Calculate o(21).
-2
Suppose 1021*x - 12 = 1018*x - 3*t, -3*x = -2*t - 37. Let h(o) = 3*o - 2*o - 4 - 2*o. Give h(x).
-13
Let n(h) = -10954*h + 0*h**2 + 10941*h - 26 - h**2. What is n(-11)?
-4
Suppose -3*n + 12 = 0, -3*u - n + 7 = -3*n. Let t(j) = 41*j + 694. Let g(y) = -8*y - 133. Let r(k) = 26*g(k) + 5*t(k). What is r(u)?
-3
Suppose 0 = 57*c - 0. Let n(g) = -g**2 + 45. Give n(c).
45
Suppose -l = 74 - 87. Let k = l - 10. Let v be 4/(1 + k) - 1*2. Let t(o) = -4*o**3 + 2*o**2 + 2*o + 1. What is t(v)?
5
Let h(a) be the third derivative of -5/24*a**4 + 0 - 5/6*a**3 + a + 3*a**2 - 1/60*a**5. Calculate h(-5).
-5
Suppose 0 = -2*f - 5*h + 10, 6*f - 2*f - h = -2. Let n be ((-1)/(-4) + f)/((-1)/(-4)). Let c(q) = 16*q - 23*q + n + 2*q**3 + 6*q. Give c(1).
2
Suppose 7*f - 4*f = 0, u - 3 = 2*f. Let s(j) = 4029*j - 2 + 3 + j**u - 4036*j + 7*j**2. What is s(-8)?
-7
Let l(w) = -w - 3. Suppose 5*o - 102 = -2*d - 140, 4*d = 2*o + 20. Give l(o).
5
Let t(i) = -i**3 + 9*i**2 - 10*i + 10. Let c be t(8). Let v(d) = 9*d**2 - 31*d**2 - 3*d + 0 + 15*d**2 + 13 - d**3. Determine v(c).
-5
Let r(b) = 13*b + 63. Let f(g) = 12*g**3 + 2*g**2 - 21*g - 18. Let i be f(-1). Give r(i).
-28
Suppose -21*g + 130 + 62 = -18. Let j(n) = n**3 - 7*n**2 - 8*n + 2. Let b be j(8). Let z(c) = -10 + b*c - 10 + 6. Determine z(g).
6
Let k(o) = -496*o + 3967. Let x be k(8). Let d(z) = 35*z + 24. What is d(x)?
-11
Let v(k) be the third derivative of 15*k**4/8 - 5*k**3/6 + 112*k**2 + 7*k - 2. Calculate v(-1).
-50
Let b(k) = -k**3 + 3*k**2 - k. Suppose 3*j + 4 = -11, -2055 = -5*r - 4*j. Let c = 418 - r. Give b(c).
-3
Suppose -137*z = -130*z - 301. Let k(q) = 2*q**2 - z*q + 40*q + 0*q**2. What is k(2)?
2
Let b(u) = -20*u**2 - 9*u + u**3 - 6 + 6*u + 16*u + 6*u**2. Let q = -8 - -21. Let x be b(q). Let v(n) = -n**3 - 5*n**2 + 7*n + 5. Determine v(x).
-1
Let z = 85 + -86. Let n(v) = v**2 + 1. Let b(l) = 11*l**2 + l - 2. Let w(j) = z*b(j) - n(j). Let u be (1*(-15)/5 - -7) + -3. What is w(u)?
-12
Let v(c) = c**3 - 24*c**2 + 20*c + 76. Let o be v(23). Let g(n) = 8*n - 25. What is g(o)?
31
Let q(x) = -39*x**2 - x. Let m(o) = -38*o**2 - o. Let f(d) = -2*m(d) + 3*q(d). Let i(p) = -p**2 + 21*p + 47. Let h be i(23). What is f(h)?
-42
Let t(q) = q**3 - 22*q - 2 + q**2 + 5 + 19*q. Let g = -15 - -17. Suppose 0 = 5*u - g - 8. Give t(u).
9
Let j(m) = 9*m - 1833. Let l be j(204). Let s(f) = -f**2 + 9. Let u(y) = -y**2 + 8. Let c(w) = 5*s(w) - 6*u(w). Give c(l).
6
Let t(f) be the first derivative of -7*f**4/4 + 2*f**3/3 - f**2/2 - f + 7433. Determine t(1).
-7
Suppose 0 = -4*t - 31 + 11, 4*t - 15 = -5*n. Let w(b) be the second derivative of b**5/20 - 7*b**4/12 + 7*b**2/2 + 563*b. Determine w(n).
7
Let c(l) be the first derivative of 3/2*l**2 + 1/3*l**3 - 200 - 3*l. Suppose -2*x - 30 = 3*x. Give c(x).
15
Let r(x) = 41292*x**2 + 41292*x**2 - 8*x - 82585*x**2 + 130 - 31*x. Determine r(-42).
4
Let a(j) = j**3 + j**2 - j - 16. Let s = 304 + -210. Let k be (s/2)/((1 + -2)*1). Let r = -47 - k. Calculate a(r).
-16
Let m(t) be the first derivative of -t**5/20 + 2*t**4/3 - 7*t**3/6 - 7*t**2/2 - 36*t - 64. Let n(d) be the first derivative of m(d). Determine n(7).
-7
Let k(t) = -10*t + 41. Let w be k(15). Let z = -42 - w. Let a(j) = -z*j**2 + 35*j**2 - 3 + 12*j + 33*j**2. Calculate a(-12).
-3
Let h(l) = -63*l**2 - 2*l - 3. Let a(t) = 158*t + 1105. Let p be a(-7). Determine h(p).
-64
Let v(p) = -207*p + 268. Let w(d) = -325*d + 403. Let u(q) = -8*v(q) + 5*w(q). Give u(4).
-5
Suppose -a + 11 - 15 = 0. Suppose i = 4*x - 2, -x = -i + x. Let s(b) = b**i + 8*b + 4 - 1 - 3*b. What is s(a)?
-1
Let z be 6441/(-1311) - (-4)/(-46). Let f(y) = y**3 - 15*y**2 + 9*y + 8. Let k(t) = -t**3 + 16*t**2 - 9*t - 9. Let m(a) = z*f(a) - 4*k(a). What is m(10)?
6
Suppose -3*a - 10 = -2*i, 12*i - 8*i = a. Let w be (12/(-3)*-1 - 3)/i. Let u(l) = 23*l**2 - 1. Give u(w).
22
Let x(l) = 11*l**3 - 385*l**2 + 2*l - 72. Let f be x(35). Let y(m) = m**3 - 2*m**2 - 9*m - 1. Give y(f).
1
Let y be 10/4 - 6/12. Let m(h) = -h**2 + 2*h**y - 2*h**2 + 2*h**2. What is m(0)?
0
Let k(r) = -14*r - r - 5*r + 21*r + 36 - 5*r. Give k(10).
-4
Let q(b) = -3*b**3 - 25*b**2 - 9*b - 6. Let a(r) = -2*r**3 - 18*r**2 - 6*r - 4. Let y(m) = -7*a(m) + 5*q(m). Determine y(-4).
90
Let b(h) = -h**3 + 5*h**2 + 7*h - 1. Suppose -21*f + 18 = -18*f. Let w be b(f). Let o(t) = 2 - 2*t + 3*t**2 - w*t**2 + t - 3*t**2. What is o(2)?
-20
Let p(s) be the second derivative of 1/3*s**3 + 1/4*s**4 - 6*s + 0 - 1/20*s**5 + 3/2*s**2. Let j = -2 + 6. Determine p(j).
-5
Let z(w) be the second derivative of -w**5/20 + w**4/6 - w**3 + 9*w**2/2 + 2008*w. Determine z(2).
-3
Suppose g + 8 = 2*o, -5*g + 1 - 6 = -3*o. Suppose 2*b + o + 9 = 0. Let s(i) be the third derivative of i**4/6 + 5*i**3/6 + 469*i**2 - 2*i. Determine s(b).
-23
Let c(k) = -k + 8. Suppose -31*t + 68 = 5*y - 32*t, 5*y + 2*t - 59 = 0. Calculate c(y).
-5
Let l(m) = 26*m + 113. Let g(t) = 13*t + 65. Let j(u) = 7*g(u) - 4*l(u). Give j(1).
-10
Let m(s) = -124*s. Let j(r) = 113*r + 31. Let d(o) = j(o) + m(o). Calculate d(6).
-35
Let l(k) = 5*k + 12. Suppose 0 = -254*i + 249*i + 70. Suppose -i*b = -22*b - 32. Give l(b).
-8
Let o = -133 + 151. Suppose 0 = 6*b - o*b - 12. Let u(x) = -31*x - 1. Give u(b).
30
Let q = 140 - 135. Suppose -q*m - 19*m = 24. Let y(s) = -15*s - 4. Let d(g) = -14*g - 3. Let l(t) = 5*d(t) - 4*y(t). What is l(m)?
11
Let n = -23/48 - -35/48. Let j(o) be the second derivative of -4*o + n*o**4 + o**2 + 0 - 2/3*o**3. Determine j(3).
17
Let r(f) = 2*f**3 - 3*f**2 + f + 2. Let k(w) be the second derivative of 1/12*w**4 - w**3 + 0 + 11/2*w**2 + 36*w. Let i be k(3). What is r(i)?
8
Let y(q) be the second derivative of q**4/12 - q**3/3 - q**2 + q. Suppose 15 = 10*c - 7*c. What is y(c)?
13
Let s(x) = 130*x - 2. Let c(d) = 93*d + 7906. Let v be c(-85). Determine s(v).
128
Let n = -4 - -6. Let z be (390/35 - 7) + (-6)/(-28)*4. Let g(d) = n + 5 + 1 - d - z. Determine g(4).
-1
Let o(x) = -4*x + 1. Let m(z) = -9*z. Suppose -30*k - 68 = -8. Let l(f) = k*m(f) + 4*o(f). Give l(-6).
-8
Let q = -424 - -426. Let l = 25 + -12. Suppose -q*f - 3 = -l. Let m(v) = -v**2 + 2*v + 2. What is m(f)?
-13
Let o(n) = 3*n**2 + 4*n**2 - 7*n**2 + 7 + 3*n - 8*n**2 + n**3 + 0*n. Let p(w) = 3*w**2 + 5*w + 2. Let z be p(-4). Suppose z + 5 = 5*b. Give o(b).
-21
Let w(p) = -307*p**2 - 302*p**2 - 304*p**2 + 913*p**2 - 8*p**3. Let u be -1*3/1*1. Let l = u + 4. What is w(l)?
-8
Let a(h) be the third derivative of -h**5/60 - h**4/12 - 2*h**3/3 - h**2 + 15*h - 49. Let x be (-3*1)/((-21)/28). Let y be (-11 + 1)*x/10. Calculate a(y).
-12
Let m = -48 - -13. Let f = -101 - -67. Let u = m - f. Let a(x) = 12*x**3 + 1. What is a(u)?
-11
Let m(n) =